ber?
False
Is 4144045691 a composite number?
True
Is 5812846037 prime?
True
Is 3987534367 composite?
False
Is 20705858281 a composite number?
False
Is 24508514531 composite?
False
Is 366036953 a prime number?
True
Is 288536576467 a prime number?
True
Is 8961911767 a prime number?
True
Is 4566339082 a composite number?
True
Is 340526631 prime?
False
Is 698285011 prime?
False
Is 749110521 composite?
True
Is 1713993374 a composite number?
True
Is 7602019549 prime?
True
Is 13699064333 a composite number?
False
Is 11553714721 a prime number?
True
Is 2708118421 prime?
False
Is 49076844133 a composite number?
True
Is 34634561089 prime?
False
Is 212648221 composite?
False
Is 58687163261 composite?
True
Is 97546847 a prime number?
True
Is 524059733 prime?
False
Is 2905699769 a prime number?
False
Is 8045602777 prime?
False
Is 164351899 a composite number?
True
Is 5084114131 prime?
True
Is 99040779559 prime?
True
Is 229460339 a composite number?
True
Is 19876806133 a composite number?
False
Is 252890359 composite?
True
Is 2268714169 composite?
True
Is 391009649 a prime number?
False
Is 10435882367 a prime number?
True
Is 848724649 a composite number?
True
Is 76100691181 a prime number?
True
Is 482974601 a composite number?
False
Is 338060459 a prime number?
False
Is 13341073241 prime?
False
Is 3665326661 composite?
False
Is 636107338 prime?
False
Is 8530701041 prime?
False
Is 1053092501 prime?
True
Is 6676345067 composite?
True
Is 1885114873 a prime number?
True
Is 28865147923 prime?
False
Is 724046005 a composite number?
True
Is 74602037 a prime number?
False
Is 814829921 a prime number?
False
Is 53696009 composite?
True
Is 6261831239 a composite number?
True
Is 1869370427 a prime number?
True
Is 97631929895 prime?
False
Is 47945764781 composite?
False
Is 5456884415 prime?
False
Is 126437881 composite?
True
Is 288037039 composite?
True
Is 5021618513 prime?
True
Is 7715122339 a composite number?
False
Is 124895521739 a composite number?
True
Is 3786017357 a composite number?
False
Is 10108914359 composite?
False
Is 710891117 composite?
False
Is 1292474299 a prime number?
False
Is 386579267 a prime number?
True
Is 36521447747 a composite number?
True
Is 14556391643 a composite number?
False
Is 2055745297 a prime number?
True
Is 7721181911 prime?
False
Is 9558890567 a prime number?
True
Is 10904796037 a composite number?
True
Is 68319962159 a composite number?
True
Is 25315210541 prime?
True
Is 21993377171 a prime number?
False
Is 84191969297 a prime number?
True
Is 359135443 prime?
True
Is 39521601331 composite?
True
Is 274029709 a composite number?
True
Is 1986217301 a composite number?
False
Is 95623437967 prime?
True
Is 24179667709 a composite number?
True
Is 10361478073 composite?
True
Is 80709279071 composite?
False
Is 75438115913 a composite number?
False
Is 24475429705 a prime number?
False
Is 32626729159 a composite number?
False
Is 368666419 a prime number?
False
Is 2823406979 a composite number?
False
Is 225907741 a composite number?
False
Is 221404392727 prime?
False
Is 57424787773 prime?
True
Is 9614371685 prime?
False
Is 406789133 prime?
True
Is 983247301 a prime number?
True
Is 530012669 composite?
False
Is 338517237341 prime?
True
Is 1921913999 composite?
False
Is 11079466423 composite?
True
Is 23298302177 a composite number?
False
Is 48286001 prime?
False
Is 1296406901 prime?
True
Is 57096899 prime?
False
Is 1311525409 prime?
False
Is 3151964969 prime?
True
Is 6300759755 a composite number?
True
Is 752585777 a composite number?
True
Is 9600158654 a prime number?
False
Is 10846530901 a composite number?
False
Is 1082163647 composite?
False
Is 3539980001 a composite number?
False
Is 4049941387 composite?
True
Is 70940655689 a prime number?
True
Is 23077762921 a composite number?
False
Is 31897062467 a composite number?
False
Is 665022973 composite?
True
Is 1504254989 prime?
False
Is 5333220967 a composite number?
True
Is 507180203 a composite number?
True
Is 5108373157 a prime number?
True
Is 34532651441 composite?
False
Is 833175283 composite?
True
Is 3791437039 prime?
False
Is 998455379 prime?
True
Is 5062776839 composite?
False
Is 47377172303 a composite number?
False
Is 8815610129 composite?
False
Is 15321885463 composite?
True
Is 1128360179 a prime number?
True
Is 60415169 a prime number?
True
Is 3156324163 a composite number?
True
Is 72072991 prime?
False
Is 2842595785 composite?
True
Is 34567932953 composite?
True
Is 1445035489 prime?
True
Is 8432154439 composite?
False
Is 126023251 composite?
False
Is 9593156513 composite?
True
Is 14106011 a composite number?
False
Is 191974009 composite?
False
Is 9636548671 composite?
True
Is 295298507 composite?
True
Is 5232421069 a composite number?
False
Is 2558384531 composite?
True
Is 22302526846 prime?
False
Is 417044387 composite?
False
Is 2299688747 prime?
False
Is 1760403943 a prime number?
True
Is 8950908277 a composite number?
True
Is 9274282543 prime?
False
Is 1967963653 a composite number?
False
Is 39901513 a composite number?
True
Is 1222791397 composite?
False
Is 1943516737 prime?
True
Is 222577493 a composite number?
False
Is 14538589981 a prime number?
False
Is 7177297901 prime?
True
Is 11349719929 a composite number?
False
Is 117408417013 composite?
True
Is 69711772843 composite?
False
Is 2033810777 composite?
True
Is 12899025185 a composite number?
True
Is 44179303771 a prime number?
True
Is 150922313 a prime number?
True
Is 3169374613 composite?
True
Is 17961848521 composite?
False
Is 401804366 composite?
True
Is 350671169 composite?
False
Is 170719780379 composite?
True
Is 802351183 a composite number?
False
Is 71335111807 composite?
True
Is 1322232101 composite?
False
Is 666307541 composite?
False
Is 1046425097 prime?
True
Is 222584344349 prime?
True
Is 962763127 prime?
False
Is 6930530707 composite?
False
Is 4514175593 a composite number?
False
Is 37133439023 a composite number?
True
Is 276782249 composite?
False
Is 196914647 a prime number?
True
Is 1017120949 a prime number?
False
Is 35176509257 a prime number?
False
Is 263422297 a prime number?
True
Is 99202530443 a prime number?
True
Is 5446509461 a prime number?
True
Is 48413586887 a prime number?
True
Is 2697776701 composite?
False
Is 21703790471 a prime number?
False
Is 3062626835 composite?
True
Is 17044857197 prime?
True
Is 901752587 composite?
True
Is 11365131149 prime?
True
Is 447120997 a prime number?
True
Is 10288787801 a composite number?
False
Is 9884821013 prime?
False
Is 20456313869 a composite number?
False
Is 10727598571 a composite number?
False
Is 18866566997 composite?
False
Is 6947213347 composite?
True
Is 6209888507 composite?
False
Is 21845135413 prime?
False
Is 728100409 a prime number?
True
Is 2428473219 a prime number?
False
Is 2051407913 a prime number?
True
Is 5948264549 a prime number?
True
Is 2064036041 composite?
True
Is 5100308539 a prime number?
False
Is 226816151 prime?
False
Is 1518509063 a prime number?
True
Is 11064451555 a composite number?
True
Is 110752379 a composite number?
False
Is 23216951399 a composite number?
True
Is 770440477 prime?
False
Is 1707512627 prime?
True
Is 2858957407 prime?
False
Is 21651195623 prime?
False
Is 508088879 a prime number?
False
Is 3565569899 a composite number?
False
Is 142818197 a prime number?
False
Is 5250384691 composite?
True
Is 3726476359 a prime number?
False
Is 556349449 a prime number?
True
Is 276357073 prime?
True
Is 4410262001 a prime number?
True
Is 987483943 a composite number?
True
Is 197772288709 a composite number?
False
Is 1433336386 composite?
True
Is 5031418357 composite?
True
Is 529085365 a composite number?
True
Is 172666365769 composite?
False
Is 723757313 prime?
True
Is 47096420627 a prime number?
True
Is 1137461099 a prime number?
True
Is 135295304629 composite?
True
Is 4715283229 a prime number?
True
Is 5753351507 prime?
False
Is 39717439903 composite?
False
Is 183217757 a prime number?
True
Is 17303214143 prime?
True
Is 82959202033 prime?
False
Is 2505735307 a composite number?
False
Is 1681988071 prime?
True
Is 29544258169 a prime number?
False
Is 10151227199 a composite number?
False
Is 7388123 a prime number?
False
Is 4834535431 composite?
True
Is 2310377737 composite?
True
Is 1690289329 a composite number?
True
Is 8659